 l(g).
-2
Let f(d) be the third derivative of d**6/120 - d**5/12 + d**4/6 - d**3/6 + 4*d**2 - 12*d. Determine f(3).
-7
Suppose 15 = 5*i + 2*x, 0 = 2*i + 3*i + 3*x - 20. Let h(o) = i + 0 - 9*o + 9*o + o. Give h(5).
6
Let w(f) = -f**3 - 3*f**2 + 4*f + 5. Let t = 1 + -5. Let p be w(t). Let r(v) = -5*v + 3. Let n(x) = 9*x - 6. Let q(j) = -4*n(j) - 7*r(j). Calculate q(p).
-2
Let j(q) = 64*q + 33 - 38 - 66*q. Give j(-4).
3
Let g(y) = -y**2 + 14*y - 22. Suppose 0 = 19*o + 37*o - 616. What is g(o)?
11
Let k = -3 + 5. Let d(y) be the second derivative of -y**5/10 + y**4/12 - y**3/2 + y**2/2 - 84*y + 12. Calculate d(k).
-17
Let m(a) = 3*a - 4. Let s(i) be the second derivative of 2*i**3/3 + i**2/2 + i. Let x be s(1). Determine m(x).
11
Let t(b) = -b**2 + 8*b + 17. Let x = 2424 + -2415. Determine t(x).
8
Let k = -46 - -53. Let i(p) = 5*p - 3*p**3 - 15*p + 4*p + k*p + 1 - p**2. Suppose 2*s = 10, 4*s = 2*y + 18 + 4. Calculate i(y).
2
Let n(y) = -4*y + 2. Suppose -10 = -5*k - 15. Determine n(k).
6
Let c(u) = -u**3 - 3*u**2 + 6*u + 5. Let f be c(-4). Let w(j) = j - 1. Let h(t) = -t**2 - 8*t. Let n(a) = h(a) + w(a). Calculate n(f).
11
Let q(l) = 2*l - 4. Let n = -93 - -95. Give q(n).
0
Let i = 53 + -59. Let x(y) = y**3 + 6*y**2 + 3*y - 4. Calculate x(i).
-22
Let b be (27/6 - 4)/(2/(-8)). Let q(z) = -4*z + 7*z - 2 - 4*z + 0*z. Determine q(b).
0
Let l(z) be the third derivative of 1/6*z**3 - 1/6*z**4 + 1/120*z**5 + 0*z + 0 + 5*z**2. Let w(r) be the first derivative of l(r). What is w(3)?
-1
Suppose 0 = -7*j + 2*j + 25. Suppose -j*u + 2*g + 135 = -0*g, 5*u = 4*g + 145. Suppose -11*a = -6*a + u. Let z(m) = -m + 1. What is z(a)?
6
Let r = -17 + 10. Let g(t) be the third derivative of -t**5/60 - 5*t**4/24 + t**3/3 + 496*t**2. Give g(r).
-12
Let v(c) be the third derivative of -5*c**4/12 + c**3/2 - 17*c**2 - 10*c. Give v(1).
-7
Let c(k) = -1 + 21*k - 91*k + 18*k + 20*k + 26*k. Let v = 9 - 4. Let m be (4/(-10))/(1/v). Give c(m).
11
Let d = 0 + 0. Let i(r) = 4*r + 9. Let f(b) = 11*b + 10. Let w(q) = 120*q + 110. Let j(s) = -65*f(s) + 6*w(s). Let p(x) = 4*i(x) - 3*j(x). Calculate p(d).
6
Let b = 18 - -7. Suppose 0*l + 5*l = -b. Let c(q) = 18*q - 28. Let j(a) = 5*a - 9. Let u(d) = -2*c(d) + 7*j(d). What is u(l)?
-2
Let b(l) = l**2 + 10*l - 6. Let m be b(-11). Suppose 8*h - 10*h + 6 = 0. Let i(a) = a - 5*a + 5 + 3*a**2 - 8*a**2 + 14*a**h - 13*a**3. What is i(m)?
-15
Let o be ((-42)/9)/(12/126*-7). Let j(m) = m + 1. What is j(o)?
8
Let j(o) be the first derivative of 0*o**2 - 2 - 1/120*o**5 - 2/3*o**3 - 1/4*o**4 + 0*o. Let r(i) be the third derivative of j(i). What is r(0)?
-6
Let s(u) be the third derivative of -u**6/90 + u**5/40 - u**4/24 + 5*u**3/2 - 14*u**2. Let d(r) be the first derivative of s(r). What is d(3)?
-28
Let u(g) be the second derivative of g**3/6 + g**2/2 + g - 37. Determine u(-5).
-4
Let f = -8 - -11. Let p(i) = f - 30*i**2 + 29*i**2 - 9 - 6*i. Let b be 8*1*1/(-2). Give p(b).
2
Let q be (-798)/(-98) - (2/7)/2. Let m(i) = 2*i - 2. Calculate m(q).
14
Let t = 158 - 159. Let x(q) be the second derivative of 1/12*q**4 + 1/6*q**3 + 0 - q - 1/2*q**2. Determine x(t).
-1
Let w(x) = x**2 + 26*x + 108. Let y be w(-21). Let a(g) be the second derivative of 1/10*g**5 - 2*g + 1/6*g**y + 0 - 1/4*g**4 + g**2. Give a(2).
8
Let n(l) = 5*l**2 - 4*l + 2. Let c(y) = y**2 - 6*y - 38. Let x be c(-4). Determine n(x).
14
Let f be -6*(-2 + -4*3/(-8)). Let k(l) = -18*l**2 - 7 - f*l + 17*l**2 - 3 + 16*l. Calculate k(8).
30
Let o = -233 + 229. Let r(z) be the first derivative of -3*z**2/2 + 4*z - 1. Give r(o).
16
Let d(u) be the first derivative of -u**2 - 12*u - 5. Let k = -58 - -50. Calculate d(k).
4
Let x(u) be the third derivative of u**5/30 + 13*u**4/24 - 2*u**3/3 + 14*u**2. Give x(-7).
3
Let g = -20 - -21. Let p(z) be the third derivative of z**6/60 + z**5/30 - z**4/24 - 11*z**2. What is p(g)?
3
Let d = -1278 - -1273. Let k(s) = -2*s - 12. Calculate k(d).
-2
Let c(h) = 3*h**2 + 37*h - 57. Let i(f) = 4*f**2 + 57*f - 85. Let y(j) = 7*c(j) - 5*i(j). Calculate y(25).
1
Let f(l) be the first derivative of -l**3/3 - 8*l**2 + 47*l - 114. What is f(-19)?
-10
Let n(l) = 11*l**2 + 14*l + 16. Let y(i) = -5*i**2 - 6*i - 7. Let k(u) = 3*n(u) + 7*y(u). Give k(1).
-3
Suppose 31*f - 20*f - 11 = 22*f. Let b(g) be the second derivative of -13*g**3/6 - 2*g. Calculate b(f).
13
Let k(u) be the second derivative of u**5/20 + 3*u**4/4 - 2*u**3 - 19*u**2/2 - 2*u - 4. Give k(-10).
1
Suppose 37 = -3*d - 5*c, 9*d - 23 = 11*d + 3*c. Let g(s) = -s + 2. Give g(d).
6
Let x(z) = -z + 11. Let v be x(6). Suppose 5*f = 2*b + 6, -7*b + 3*b = -5*f + 2. Let i(a) = 0*a**2 - 6*a - 2*a**2 + 3*a**2 - 4 + f*a. Calculate i(v).
1
Let p(b) = 4*b - 30 - 5*b**3 - 3*b**2 + 27 - b + 6*b**3. Let k be -1*(-6)/(5 + -2). Calculate p(k).
-1
Suppose 2*k - z - 11 = 0, 3*k - 4*z = k + 8. Let s be 329/14 - (-15)/k. Let c = 30 - s. Let r(d) = d + 1. What is r(c)?
5
Let y(h) = -h**3 - h**2. Let a(x) = 18*x**3 + 5*x**2 + x + 1. Let k(s) = a(s) + 6*y(s). Calculate k(-1).
-13
Let s be 182/(-52)*((-3)/(-7) - 1). Let k(o) = 14*o - 5*o**s - 6*o - o**3 + o - 3*o**2 - 9. Give k(-9).
-9
Let k(h) = -1 - h**3 - 61*h + 3 + 8*h**2 + 47*h. Let t be k(6). Let f(a) = a + 3. Calculate f(t).
-7
Let z = 708 - 715. Let d(y) = y**3 + 5*y**2 - 16*y - 7. What is d(z)?
7
Let k(o) be the second derivative of -2*o**2 + 1/4*o**4 + 0 + 1/2*o**3 + 2*o - 1/20*o**5. Let g(p) = p**3 - 5*p**2 + 6*p - 5. Let m be g(4). Calculate k(m).
5
Let q(z) = -6*z**3 - 6*z + 6 - 4*z + 4*z + 7*z. Let m(x) = -6*x**3 + x + 5. Let a(d) = 5*m(d) - 4*q(d). Let y be (-3)/2*(-4)/(-6). What is a(y)?
6
Let j(m) = 5*m**2 + m + 1. Let d(a) = 2*a**3 + a**2 - 3*a + 2. Let h be d(2). Let n = 15 - h. Let c be j(n). Let r(p) = -2*p + 4. Give r(c).
-6
Let n(o) = -2*o + 6. Suppose 51*f - z = 46*f + 41, -f = -3*z + 3. Give n(f).
-12
Suppose -p + 5 = -2. Let u be 6/(-4)*16/(-12). Let i(v) = -4*v**u - 4*v + 1 - 11*v**3 - v**2 + 12*v**3 + p*v. What is i(4)?
-3
Let b(n) = n**3 - 6*n**2 - 3*n + 17. Let p be 5 + (15 + -9 - 5). Calculate b(p).
-1
Let l be (-32)/(-60) - (6 + (-58)/10). Let j(p) be the second derivative of 4*p**2 - l*p**3 + p + 0 - 1/2*p**4 + 1/20*p**5. What is j(6)?
-4
Suppose -u = -5*q + 39, -2*q - u + 2*u + 18 = 0. Suppose -2*m = -q*m + 15. Let x(g) = -2*g**2 - 5*g**2 - g + 6 - g**m - 3*g. Give x(-6).
-6
Suppose 51 = 19*p - 63. Let m(g) be the first derivative of g**4/4 - 7*g**3/3 + 5*g**2/2 + 7*g + 1. Determine m(p).
1
Let f(a) be the first derivative of 4*a**3/3 + 3*a**2/2 + a - 6. Suppose -u - u + 3*c = 13, 5*u + c = -7. Determine f(u).
11
Let j(i) = 9*i - 3. Let a(q) be the first derivative of -2*q + 3 + 5/2*q**2. Let p(n) = 5*a(n) - 3*j(n). Give p(-1).
1
Let x(p) = -7*p + 2 - 2*p**2 + 32*p - 12*p - 12*p. Give x(-2).
-8
Let a(c) = -1. Let z(l) = l - 11. Let s(m) = -3*a(m) + z(m). Let d(j) be the third derivative of j**4/12 + j**3 - 2*j**2. Let o be d(0). What is s(o)?
-2
Let c(r) = -r**3 + 5 + 22914*r + 2*r**3 - 5*r**2 - 22915*r. What is c(4)?
-15
Let r(i) = -i**2 - 15*i - 45. Let a be r(-10). Let s(y) = 2*y. Calculate s(a).
10
Suppose 8 = -14*s + 13*s. Let u(o) = -o**2 - 12*o - 38. Let t be u(s). Let a(h) = h**3 + 6*h**2 + h - 6. Determine a(t).
-12
Let k(n) = 3 + 15*n**2 + 2*n - 2 - 3*n. Let b = -3 + 6. Suppose 12*t - 13*t = 2*g - 7, 2*g + 13 = b*t. Calculate k(g).
15
Let f = -704/3 - -236. Let j(n) be the third derivative of 2*n**2 + 1/60*n**5 - 5/24*n**4 - f*n**3 + 0*n + 0. Calculate j(7).
6
Let q = 0 - -2. Suppose 3*j - c = 21, 3*j - 15*c = -19*c + 21. Let s(o) = j*o - 3*o - 7 + 5*o - o**q. Give s(6).
11
Let o(x) = 21*x - 1. Suppose -10 = 8*i - 13*i. Calculate o(i).
41
Let h(q) = -q**3 - 7*q**2 + 9. Let v(x) = x**3 + 7*x**2 - x - 9. Let b(r) = -3*h(r) - 2*v(r). What is b(-7)?
-23
Let q = -1379 + 1382. Let j(i) be the second derivative of -1/6*i**q - 1/2*i**2 + 6*i + 0. Calculate j(6).
-7
Let n(p) = 3*p - 7. Let b = 12 + -7. Suppose -7*o + b*o + 40 = 0. Suppose 0 = -3*g + o - 2. Calculate n(g).
11
Suppose 0 = 5*n - 4*f - 3 - 19, -5*n - 5*f - 5 = 0. Let p(k) = -40 + k**n + 43 - 2*k + 3*k + k. Determine p(3).
18
Let r(a) = 11*a**3 + 26*a**2 - 11*a - 16. Let l(o) = -5*o**3 - 12*o**2 + 5*o + 8. Let k(f) = 9*l(f) + 4*r(f). What is k(-3)?
-4
Suppose 2*k + 8 = -p, p + 17 = -3*p - 5*k